105847 a prime number?
False
Is 9527 a prime number?
False
Is 116549 a composite number?
False
Is 3903851 prime?
False
Is 30341 prime?
True
Is 50791 a prime number?
False
Is 11027 a composite number?
False
Is 2251 a prime number?
True
Is 28511 a composite number?
True
Is 7162 a composite number?
True
Is 354121 a composite number?
False
Is 10369 a composite number?
False
Is 221573 composite?
True
Is 11947 a prime number?
False
Is 2921 prime?
False
Is 26309 a composite number?
False
Is 1009 prime?
True
Is 8467 prime?
True
Is 46679 prime?
True
Is 36389 composite?
False
Is 3027 prime?
False
Is 348709 a prime number?
True
Is 10102 prime?
False
Is 86923 composite?
False
Is 8057 a composite number?
True
Is 23957 a prime number?
True
Is 22853 a prime number?
True
Is 259091 composite?
True
Is 863 a prime number?
True
Is 38279 composite?
True
Is 855143 a prime number?
True
Is 19715 a composite number?
True
Is 188249 composite?
False
Is 635951 a prime number?
False
Is 267821 composite?
True
Is 1759 prime?
True
Is 104459 a prime number?
True
Is 1140177 a prime number?
False
Is 918431 composite?
False
Is 7919 composite?
False
Is 26219 a prime number?
False
Is 756799 prime?
True
Is 209123 a composite number?
False
Is 61207 prime?
False
Is 154553 a composite number?
True
Is 56365 prime?
False
Is 367069 composite?
False
Is 9289 composite?
True
Is 185123 a composite number?
False
Is 10079 a prime number?
True
Is 207287 a prime number?
True
Is 227363 composite?
False
Is 682781 prime?
False
Is 165601 prime?
True
Is 25723 prime?
False
Is 64483 prime?
True
Is 23249 composite?
True
Is 160861 a prime number?
True
Is 143107 a prime number?
True
Is 16603 prime?
True
Is 865 a composite number?
True
Is 236353 a composite number?
True
Is 236073 a composite number?
True
Is 63509 a composite number?
True
Is 12701 prime?
False
Is 1353831 composite?
True
Is 231731 a composite number?
True
Is 57502 a composite number?
True
Is 83203 composite?
False
Is 815891 a prime number?
True
Is 840311 prime?
False
Is 46439 a composite number?
False
Is 12178 prime?
False
Is 55271 composite?
True
Is 513503 prime?
False
Is 103691 composite?
True
Is 2559695 composite?
True
Is 105319 prime?
True
Is 1619531 prime?
True
Is 61169 composite?
False
Is 8861 a prime number?
True
Is 47009 a composite number?
True
Is 1903 a prime number?
False
Is 10393 prime?
False
Is 54357 prime?
False
Is 23563 a prime number?
True
Is 454931 a prime number?
True
Is 3997 a composite number?
True
Is 43753 composite?
False
Is 13841 composite?
False
Is 428023 composite?
False
Is 6377339 composite?
False
Is 282845 a composite number?
True
Is 125789 a prime number?
True
Is 79423 a composite number?
False
Is 244997 composite?
False
Is 933433 composite?
False
Is 10453 a prime number?
True
Is 115043 composite?
True
Is 11777 a composite number?
False
Is 2173 prime?
False
Is 10771 a prime number?
True
Is 4404091 a composite number?
True
Is 448333 prime?
False
Is 6033 a composite number?
True
Is 50659 composite?
True
Is 5345 a prime number?
False
Is 2063 a prime number?
True
Is 1847 a prime number?
True
Is 19693 composite?
True
Is 68597 a prime number?
True
Is 4553 a composite number?
True
Is 97891 a prime number?
False
Is 715291 a composite number?
True
Is 173429 composite?
False
Is 9967 a prime number?
True
Is 170627 prime?
True
Is 178043 composite?
True
Is 1426371 composite?
True
Is 38113 prime?
True
Is 10663 composite?
False
Is 3491 composite?
False
Is 3022 prime?
False
Is 10958 a prime number?
False
Is 31303 composite?
True
Is 62273 a prime number?
True
Is 2207 a composite number?
False
Is 20103 prime?
False
Is 5917 prime?
False
Is 44119 a prime number?
True
Is 699863 a composite number?
False
Is 78901 prime?
True
Is 26671 a composite number?
True
Is 580133 composite?
False
Is 16234 prime?
False
Is 2411099 prime?
False
Is 6428537 a composite number?
True
Is 468731 composite?
True
Is 65867 a prime number?
True
Is 11903 prime?
True
Is 36493 a prime number?
True
Is 23717 a prime number?
False
Is 463438 a composite number?
True
Is 141439 prime?
True
Is 574099 a composite number?
False
Is 5905 prime?
False
Is 125329 prime?
True
Is 136727 composite?
False
Is 429917 a composite number?
False
Is 9649 a composite number?
False
Is 272693 composite?
False
Is 443777 a prime number?
True
Is 36587 prime?
True
Is 11677 prime?
True
Is 5879 prime?
True
Is 44567 prime?
False
Is 43391 composite?
False
Is 5269 a prime number?
False
Is 594791 composite?
True
Is 17419 a prime number?
True
Is 114467 a composite number?
False
Is 992357 prime?
True
Is 931159 prime?
False
Is 75059 prime?
False
Is 631 a composite number?
False
Is 2605 prime?
False
Is 1984539 prime?
False
Is 104693 a prime number?
True
Is 94407 prime?
False
Is 1066553 a prime number?
True
Is 8887 composite?
False
Is 622929 a prime number?
False
Is 2683 prime?
True
Is 26485 composite?
True
Is 285833 a prime number?
False
Is 5666 a composite number?
True
Is 18119 a prime number?
True
Is 519487 a prime number?
True
Is 859553 composite?
False
Is 18479 a prime number?
False
Is 19937 a prime number?
True
Is 264389 a composite number?
True
Is 68461 composite?
True
Is 70727 prime?
False
Is 4939 prime?
False
Is 92611 a composite number?
True
Is 10589 prime?
True
Is 677213 prime?
True
Is 925079 composite?
False
Is 6491 a prime number?
True
Is 709553 composite?
True
Is 68977 composite?
True
Is 27581 a composite number?
False
Is 272477 composite?
False
Is 842165 a composite number?
True
Is 31481 a composite number?
False
Is 18923 a prime number?
False
Is 15547 a composite number?
True
Is 8095 a composite number?
True
Is 1973 prime?
True
Is 14206 a prime number?
False
Is 541817 prime?
True
Is 202471 composite?
False
Is 2579 composite?
False
Is 52919 composite?
False
Is 112246 a prime number?
False
Is 23447 prime?
True
Is 619 composite?
False
Is 3487 prime?
False
Is 753 a composite number?
True
Is 718933 prime?
False
Is 201389 composite?
False
Is 975463 composite?
False
Is 1931 a prime number?
True
Is 62723 a prime number?
True
Is 1472947 composite?
True
Is 1711 prime?
False
Is 641 a composite number?
False
Is 192953 a prime number?
False
Is 578273 a prime number?
False
Is 14609 a prime number?
False
Is 111187 a composite number?
False
Is 123059 prime?
True
Is 84077 a prime number?
False
Is 3827 composite?
True
Is 19445 a prime number?
False
Is 63613 a prime number?
False
Is 178833 prime?
False
Is 8609 a composite number?
False
Is 14699 a prime number?
True
Is 983803 composite?
False
Is 30959 composite?
True
Is 197759 composite?
False
Is 281665 prime?
False
Is 498063 composite?
True
Is 464201 a prime number?
True
Is 5739 prime?
False
Is 21073 a prime number?
False
Is 148287 prime?
False
Is 25013 a composite number?
False
Is 15545 a composite number?
True
Is 16937 a composite number?
False
Is 11279 composite?
False
Is 1531 composite?
False
Is 49391 a composite number?
False
Is 1009 composite?
False
Is 28255 prime?
False
Is 1587581 a prime number?
True
Is 18391 prime?
False
Is 102743 a prime number?
False
Is 19187 prime?
False
Is 689 composite?
True
Is 7355 a composite number?
True
Is 15769 a composite number?
True
Is 3299 a prime number?
True
Is 372607 prime?
True
Is 214597 a prime number?
False
Is 564013 a prime number?
True
Is 536527 prime?
False
Is 1639 a prime number?
False
Is 11807 a composite number?
False
Is 45367 prime?
False
Is 41671 a composite number?
True
Is 164089 prime?
True
Is 484397 a composite number?
False
Is 972269 a prime number?
False
Is 11483 a composite number?
False
Is 18013 prime?
True
Is 2777 composite?
False
Is 42479 composite?
True
Is 218555 a composite number?
True
Is 674 prime?
False
Is 1807061 prime?
True
Is 120781 composite?
True
Is 48485 composite?
True
Is 881081 composite?
True
Is 8031 a prime number?
False
Is 677497 composite?
True
Is 4039 composite?
True
Is 55291 composite?
False
Is 86981 a composite number?
False
Is 27658 a prime number?
False
Is 1124969 a composite number?
False
Is 72211 a composite number?
False
Is 3049 a prime number?
True
Is 283505 prime?
False
Is 79133 prime?
True
Is 20477 a prime number?
True
Is 7669 a prime number?
True
Is 79369 composite?
True
Is 516169 a prime number?
True
Is 184697 a prime number?
False
Is 179 a composite number?
Fa